 = -h**2 - 9*h + 8. Calculate the remainder when 22 is divided by c(l).
6
What is the remainder when ((-78)/36)/(2/(-12)) is divided by (-4)/(-3)*2*3?
5
Suppose 22 = 2*s - 0*r - r, -r = -4*s + 42. Calculate the remainder when 59 is divided by -2*s*3/(-4).
14
Let w(o) = -o**3 - 6*o**2 - 8*o - 8. What is the remainder when 26 is divided by w(-5)?
5
Let s = 3 - 2. Let q = s + 2. What is the remainder when (-70)/(-6) + (-2)/q is divided by 6?
5
Suppose -5*d = 3*h - 35, -d + 36 = 2*h - 4*d. Let p(j) = 30*j - 1. Calculate the remainder when p(1) is divided by h.
14
Let o(v) = -4*v - 6. Let t be o(-5). Let s(l) = l - 14. Let f be s(t). Suppose n + n - 40 = f. What is the remainder when 57 is divided by n?
17
Suppose 2 = -2*l + 6. Suppose -4*x - x + 10 = 0. Calculate the remainder when x is divided by ((-2*2)/(-1))/l.
0
Let w be 4/(3 + 23/(-7)). Let l = 25 + w. What is the remainder when l is divided by 7?
4
Let f(g) = -7*g**3 + g**2 - 2*g. Let o be f(-2). What is the remainder when o + -2 - (-2 - -2) is divided by 32?
30
Suppose 0*o - o - 11 = 0. Let g = o + 21. What is the remainder when g is divided by 4?
2
Let k(d) = -3*d - 3. Let z be k(-5). Suppose -h + 2*h - z = -2*q, 4*h = 5*q - 17. Calculate the remainder when h is divided by 1.
0
Suppose -4*z + k = -61, 4*z = -z + 2*k + 77. Let f = z + -11. What is the remainder when ((-15)/(-4))/(24/64) is divided by f?
2
Let u be 5 + (-6)/3 - 1. Suppose h - 6 + 3 = 0. Suppose 10 = g - h*r, 2*g = -u*r - 3*r + 9. What is the remainder when g is divided by 3?
1
Suppose 0*y + 6 = 6*y. Let w(l) = -6 - l**2 + 0 - 5*l + 4. What is the remainder when w(-4) is divided by y?
0
Suppose 8 = f - 0*f. Let p be (6/9)/2*6. Suppose 4*t = p*t + r + f, 13 = 3*t - r. Calculate the remainder when t is divided by 3.
2
Suppose 4*a + 8 = 4. Let j(x) = -4*x + 2. What is the remainder when j(a) is divided by (-2)/4*1*-8?
2
Suppose -t = t + 66. Calculate the remainder when 65 is divided by 4*(t/6)/(-1).
21
Calculate the remainder when 3/2*72/27 is divided by 1.
0
Suppose 53 = 4*b - q, 4*b - 12 = 3*b - q. Calculate the remainder when 75 is divided by b.
10
Let f(b) be the third derivative of -7*b**4/12 + 2*b**3/3 - 4*b**2. Calculate the remainder when f(-5) is divided by 25.
24
Let a(g) = -g + 9. Let s be a(7). Suppose 2*x - 30 = s. What is the remainder when 62 is divided by x?
14
Let w = 18 + -11. Let u(x) = 12*x - 4 + 4. What is the remainder when u(1) is divided by w?
5
Suppose 2*p = -2*n - 3*p + 69, -p + 65 = 2*n. Calculate the remainder when n is divided by 17.
15
Let u = -73 - -105. Let i(r) = -12*r**3 - r**2 - r - 1. What is the remainder when u is divided by i(-1)?
10
Let u = 87 + 52. What is the remainder when u is divided by 35?
34
Let s = 45 + -19. Let x be ((-54)/(-15))/((-2)/(-10)). Suppose 4*d - x = 2*d. What is the remainder when s is divided by d?
8
Let i = -14 - -35. What is the remainder when 83 is divided by i?
20
Let s(h) = -h**2 + 8*h + 17. What is the remainder when s(8) is divided by 5?
2
Let q(l) = 2*l - 7. Let c be q(5). Suppose 5*f - 1 - 14 = -5*o, -f - c*o = 1. What is the remainder when 8 is divided by f?
3
Let z = -1 + 0. Let n be (3/(9/12))/z. Calculate the remainder when (-17 - -1)*1*n is divided by 22.
20
Suppose 50 = 2*y - 5*n, 2*y - 75 = -y + 5*n. What is the remainder when 49 is divided by y?
24
Let b(f) be the second derivative of 3*f**3/2 + f**2/2 + f. Let i(w) = -2*w - 3. Let d be i(-2). What is the remainder when b(d) is divided by 4?
2
Let b be (-52)/16 - 1/(-4). Calculate the remainder when 47 is divided by b/6*32*-1.
15
Suppose -8*x + 143 = -257. Calculate the remainder when 97 is divided by x.
47
Suppose 0 = -3*b + 2*v + 73 + 87, 4*v = -20. Let h = -12 - -38. Calculate the remainder when b is divided by h.
24
Let k(m) = m**2 - m + 3. Calculate the remainder when 89 is divided by k(-4).
20
Let k(g) = -4*g - 2. Let l be k(-3). Let t(c) = c**2 - 8*c + 17. Suppose -6*o = -3*o - 30. Calculate the remainder when t(l) is divided by o.
7
Let z(i) = i**3 + 7*i**2 + 3*i + 6. Let y be z(-6). Suppose 3*v = v + y. Calculate the remainder when 34 is divided by v.
10
Suppose 0 = 3*w + 3 - 54. Let o = -39 + 106. Calculate the remainder when o is divided by w.
16
Let o(p) = -6*p - 8. Calculate the remainder when (-1)/(((-5)/10)/(249/6)) is divided by o(-6).
27
Suppose -r = -45 - 45. What is the remainder when r is divided by 13?
12
Let u(d) = 7*d + 1. What is the remainder when u(3) is divided by 8?
6
Let u = -41 - -50. Calculate the remainder when 23 is divided by u.
5
Let d(j) = 11*j - 7. Calculate the remainder when d(6) is divided by (-23 - 2)*(-8)/10.
19
Suppose 0 = -3*b - 4*y + 65, 0 = 5*b - 5*y - 12 - 73. What is the remainder when 34 is divided by b?
15
Let h(j) = j - 9. Calculate the remainder when 17 is divided by h(13).
1
What is the remainder when (-2)/(-5) - 76/(-10) is divided by 4/10 + 23/5?
3
Let c = -18 + 29. What is the remainder when 41 is divided by c?
8
Let g(y) = y**2 - 9*y + 11. Let p be g(8). Suppose -m - p + 17 = 0. Calculate the remainder when m is divided by 5.
4
Let w = -32 - -47. Let x = w - -13. Calculate the remainder when 53 is divided by x.
25
What is the remainder when 68 is divided by (-336)/(-18) + (-2)/3?
14
Let o = -1 + 8. Let c = 18 + -11. Let s = -4 + c. What is the remainder when o is divided by s?
1
Let p(x) = x**2 - 5*x + 5. Suppose 2*f - 7 + 3 = 0. Calculate the remainder when p(5) is divided by f.
1
Let p = 15 + -2. Let b = p - -4. Suppose -w = -17 - 33. What is the remainder when w is divided by b?
16
Let m = -4 + 16. Suppose -4 = -d + 2*x, 2*x = -3*d - 3*x + m. Calculate the remainder when 5 is divided by d.
1
What is the remainder when 1/(-3)*-3*15 is divided by 8?
7
Let c be ((-2)/2)/(-1) - -1. Suppose f - 3*f - 303 = -5*b, 0 = -c*f + b - 307. Let x = f + 219. Calculate the remainder when x is divided by 17.
14
Let o = -26 + 34. Let w = o + 7. What is the remainder when 57 is divided by w?
12
Suppose -3*d + 55 = 2*d. Let o = -22 - -26. Calculate the remainder when d is divided by o.
3
Let a = 131 - 76. Calculate the remainder when a is divided by 19.
17
Suppose -55 = 2*f + 3*n - 151, -3*n = f - 45. What is the remainder when f is divided by 13?
12
Let c = 36 + -26. Suppose 0 = -0*h + 5*h - c. Calculate the remainder when h is divided by 1.
0
Let w(h) = h**3 - 7*h**2 + 9*h - 1. What is the remainder when 77 is divided by w(6)?
9
Suppose 0 = -16*u + 10 + 6. What is the remainder when 3 is divided by u?
0
Let y be ((-36)/(-8))/((-3)/(-140)). Suppose -3*f + y = 15. What is the remainder when f is divided by 17?
14
Let s(h) = h + 7. Let v be s(-6). What is the remainder when 4/12 + 58/6 is divided by 1/v - 10/(-2)?
4
Let k(s) = 5*s - 1 + 1 + 1 - 7*s. Calculate the remainder when k(-6) is divided by 5.
3
Let b(k) = -k - 5. Let z be b(-9). Let n(h) = -h**3 + 4*h**2 + h - 2. Let d be n(z). What is the remainder when (-1296)/(-40) + d/(-5) is divided by 11?
10
Calculate the remainder when 18 is divided by 37/3 + (-6 - (-68)/12).
6
Let h(d) = d**2 + 5*d - 4. Let u be h(-9). Suppose -k + 3*k - u = 0. What is the remainder when 31 is divided by k?
15
Let f(l) = l**3 + l + 18. Suppose 0 = 5*h - t - 343, -2*h - 2*h = 5*t - 257. Suppose 2 = -2*j + h. Calculate the remainder when j is divided by f(0).
15
Let z be 4/(-8) - 3/(-6). Suppose -6*w + w = 4*v - 35, 5*w - 4*v - 35 = z. What is the remainder when w is divided by 4?
3
Let g = -84 - -135. Suppose 3*v + 18 = 4*v. Calculate the remainder when g is divided by v.
15
Suppose -16 = -2*j + 12. Calculate the remainder when j is divided by ((-160)/30)/(2/(-3)).
6
Let x(k) = 3*k**3 - 7*k**2 + 8*k + 6. Let o(j) = -7*j**3 + 14*j**2 - 16*j - 11. Let m(i) = 4*o(i) + 9*x(i). Calculate the remainder when 28 is divided by m(-8).
8
Let q = 82 + -1. Suppose 2*p = 2, u = -5*p + p + 25. Calculate the remainder when q is divided by u.
18
Let f(m) = 50*m**2 + m + 3. Let w(i) = -1. Let h(j) = f(j) + 3*w(j). Suppose -4*v + 52 = -0. Calculate the remainder when h(-1) is divided by v.
10
Let b(s) = s - 4. Calculate the remainder when 6 is divided by b(7).
0
Let j be 0 - -2*(-16)/(-4). Let r(x) = -x**3 - 2*x**2 + 5*x + 3. Let s be r(-4). Suppose -j - s = -g. Calculate the remainder when 68 is divided by g.
22
Let d = -18 - -13. Let m(q) be t